{"id":73,"date":"2020-07-08T21:16:13","date_gmt":"2020-07-08T19:16:13","guid":{"rendered":"http:\/\/hadev.de\/?page_id=73"},"modified":"2023-05-06T16:54:30","modified_gmt":"2023-05-06T14:54:30","slug":"impressum","status":"publish","type":"page","link":"https:\/\/hadev.de\/?page_id=73","title":{"rendered":"Impressum"},"content":{"rendered":"\n<p><strong>Die Vorgaben von \u00a7 5 TMG sind durch die folgenden Angaben erf\u00fcllt:<\/strong><\/p>\n<p>HADEV<br>Personalentwicklung | Coaching | Beratung<\/p>\n<p>Caroline Haase<br>Niederfeldstra\u00dfe 3<br>33611 Bielefeld<\/p>\n<p><strong>Kontakt<\/strong>:<\/p>\n<p>E-Mail: info@hadev.de<\/p>\n<p><strong>Umsatzsteuer<\/strong>:<\/p>\n<p>Gem\u00e4\u00df \u00a7 19 UStG wird keine Umsatzsteuer berechnet.<br>Finanzamt Bielefeld &#8211; Steuernummer 305\/5078\/3412<\/p>\n","protected":false},"excerpt":{"rendered":"<p>Die Vorgaben von \u00a7 5 TMG sind durch die folgenden Angaben erf\u00fcllt: HADEVPersonalentwicklung | Coaching | Beratung Caroline HaaseNiederfeldstra\u00dfe 333611 Bielefeld Kontakt: E-Mail: info@hadev.de Umsatzsteuer: Gem\u00e4\u00df \u00a7 19 UStG wird keine Umsatzsteuer berechnet.Finanzamt Bielefeld &#8211; Steuernummer 305\/5078\/3412<\/p>\n","protected":false},"author":1,"featured_media":0,"parent":71,"menu_order":1,"comment_status":"closed","ping_status":"closed","template":"","meta":{"gt_page_layout":"","gt_hide_page_title":true,"gt_remove_bottom_margin":false,"footnotes":""},"class_list":["post-73","page","type-page","status-publish","hentry"],"_links":{"self":[{"href":"https:\/\/hadev.de\/index.php?rest_route=\/wp\/v2\/pages\/73","targetHints":{"allow":["GET"]}}],"collection":[{"href":"https:\/\/hadev.de\/index.php?rest_route=\/wp\/v2\/pages"}],"about":[{"href":"https:\/\/hadev.de\/index.php?rest_route=\/wp\/v2\/types\/page"}],"author":[{"embeddable":true,"href":"https:\/\/hadev.de\/index.php?rest_route=\/wp\/v2\/users\/1"}],"replies":[{"embeddable":true,"href":"https:\/\/hadev.de\/index.php?rest_route=%2Fwp%2Fv2%2Fcomments&post=73"}],"version-history":[{"count":11,"href":"https:\/\/hadev.de\/index.php?rest_route=\/wp\/v2\/pages\/73\/revisions"}],"predecessor-version":[{"id":585,"href":"https:\/\/hadev.de\/index.php?rest_route=\/wp\/v2\/pages\/73\/revisions\/585"}],"up":[{"embeddable":true,"href":"https:\/\/hadev.de\/index.php?rest_route=\/wp\/v2\/pages\/71"}],"wp:attachment":[{"href":"https:\/\/hadev.de\/index.php?rest_route=%2Fwp%2Fv2%2Fmedia&parent=73"}],"curies":[{"name":"wp","href":"https:\/\/api.w.org\/{rel}","templated":true}]}}